what is -1 - 201?
-202
In base 10, what is -2061 - -5?
-2056
In base 15, what is 3be + 6?
3c5
In base 10, what is -8047 + 4?
-8043
In base 15, what is 857 + 3?
85a
In base 5, what is 11014 - 32?
10432
In base 10, what is -4 + -231?
-235
In base 6, what is -151 + -1?
-152
In base 14, what is 1bb + 5?
1c2
In base 3, what is 2 + 111011221?
111012000
In base 9, what is 1 - -24?
25
In base 15, what is -7 - -126?
11e
In base 3, what is 21012 + 2?
21021
In base 10, what is 11 - -70?
81
In base 14, what is 5 + -6b8?
-6b3
In base 16, what is 506b + -4?
5067
In base 16, what is -7 - 69c?
-6a3
In base 9, what is -316 + 3?
-313
In base 13, what is -3a - -3?
-37
In base 6, what is -1105 + -115?
-1224
In base 12, what is 0 + -218?
-218
In base 11, what is 1 + 322?
323
In base 2, what is -1 - 111001010100?
-111001010101
In base 11, what is -a645 - -5?
-a640
In base 4, what is 12 - -113232?
113310
In base 4, what is -1 + -1322013?
-1322020
In base 10, what is 5 + -105?
-100
In base 14, what is -12 + -37?
-49
In base 4, what is 0 - -101220?
101220
In base 3, what is 1102201 - -1?
1102202
In base 9, what is -1 + -2702?
-2703
In base 13, what is -2c - -8c?
60
In base 4, what is -1 + 333?
332
In base 6, what is 2 - 21555?
-21553
In base 10, what is -4 - -497?
493
In base 16, what is -8 + 166?
15e
In base 6, what is -5 + -322?
-331
In base 5, what is 24140 + 4?
24144
In base 10, what is -176 + 32?
-144
In base 16, what is -1c + e?
-e
In base 12, what is -465 - -7?
-45a
In base 6, what is 0 + -144?
-144
In base 8, what is 2735 - -4?
2741
In base 5, what is -104 + 10?
-44
In base 9, what is -2 + -128?
-131
In base 16, what is 7c - 3?
79
In base 8, what is 370 + 147?
537
In base 7, what is 61 + 5?
66
In base 5, what is 4 + -10123?
-10114
In base 14, what is 41 + -2?
3d
In base 3, what is 10201120 - 12?
10201101
In base 14, what is -9 + 4?
-5
In base 15, what is 185 + -4?
181
In base 8, what is 50 + 160?
230
In base 9, what is 11 + -13?
-2
In base 12, what is 0 + -56?
-56
In base 15, what is 1 - -28c?
28d
In base 5, what is -11 - 1021?
-1032
In base 3, what is -1112101 + 2?
-1112022
In base 7, what is -13 + -6053?
-6066
In base 7, what is -2 + -405?
-410
In base 4, what is 1123 - 121?
1002
In base 12, what is 76 + 0?
76
In base 3, what is 11012010 - -2?
11012012
In base 8, what is 7 + -36?
-27
In base 10, what is -407 - 36?
-443
In base 12, what is -45b4 + 3?
-45b1
In base 8, what is 0 - -25?
25
In base 8, what is -302 + 3?
-277
In base 15, what is -4 + 1d?
19
In base 3, what is 10 + 12120202?
12120212
In base 16, what is a16 - -2?
a18
In base 7, what is 124 - 24?
100
In base 6, what is 30354 - 5?
30345
In base 11, what is -184 - 5?
-189
In base 11, what is -3 - -42a?
427
In base 11, what is 7 - -818?
824
In base 7, what is 506 + 11?
520
In base 2, what is -1111 + -1?
-10000
In base 5, what is -2 + -1213?
-1220
In base 14, what is 3 - -35?
38
In base 13, what is -3 - -3?
0
In base 16, what is -17 + -d?
-24
In base 11, what is -6 - -35?
2a
In base 15, what is -2 - 2?
-4
In base 2, what is 1010 - -1100?
10110
In base 2, what is -101101 - -1101?
-100000
In base 12, what is 71 + -10?
61
In base 8, what is -2 - -112?
110
In base 2, what is -10000 - -1001?
-111
In base 4, what is 10 - -121?
131
In base 10, what is 13 + 1156?
1169
In base 11, what is 1aa - 45?
165
In base 5, what is -1 + 1132?
1131
In base 14, what is 16d - 0?
16d
In base 7, what is 52 - -6?
61
In base 9, what is -15 + 13?
-2
In base 9, what is 343 - 3?
340
In base 2, what is -11 + -101000101110?
-101000110001
In base 11, what is 5 + 13?
18
In base 2, what is -1010 + 1110001?
1100111
In base 7, what is -2454 + -13?
-2500
In base 6, what is -3 + -311?
-314
In base 9, what is -8 + 646?
637
In base 10, what is 40 - -253?
293
In base 4, what is 3010 - -23?
3033
In base 13, what is 4 + -26?
-22
In base 4, what is -1320 + 10?
-1310
In base 14, what is 2 + 26?
28
In base 4, what is 22121 + 0?
22121
In base 12, what is -2 + -223?
-225
In base 13, what is 15 - -36?
4b
In base 13, what is -141 - 12?
-153
In base 3, what is -110202 + 11?
-110121
In base 9, what is 40 - 227?
-177
In base 16, what is 0 - -ba1?
ba1
In base 5, what is -3 + 1?
-2
In base 3, what is -1212 - 1020?
-10002
In base 16, what is 2 + -494?
-492
In base 9, what is 46 - 5?
41
In base 9, what is -30 - 22?
-52
In base 5, what is -44334 - -10?
-44324
In base 10, what is 32 + 3?
35
In base 6, what is 255 + 3?
302
In base 12, what is 4 - -31?
35
In base 5, what is 113 + -30?
33
In base 12, what is -a2 - -3?
-9b
In base 7, what is -1 - -600?
566
In base 10, what is 384 + -4?
380
In base 3, what is 100012221 + -12?
100012202
In base 6, what is -12 - -110?
54
In base 14, what is -3 - 65a?
-65d
In base 2, what is 10111010 + 111010?
11110100
In base 10, what is -299 + -10?
-309
In base 8, what is -43 + -17?
-62
In base 15, what is 20 - -61?
81
In base 14, what is -2aa + 14?
-296
In base 15, what is 5 + -189?
-184
In base 9, what is -5 + 1715?
1710
In base 8, what is -1713 - -3?
-1710
In base 15, what is -c6 + 0?
-c6
In base 14, what is -5 - 61?
-66
In base 9, what is 61 - -1?
62
In base 8, what is -5 + -55?
-62
In base 13, what is -a + -a?
-17
In base 3, what is 10100 - 11?
10012
In base 8, what is 0 - 4?
-4
In base 13, what is 4 - -1a7?
1ab
In base 7, what is 11125 - 12?
11113
In base 2, what is -1 - -1100111?
1100110
In base 14, what is 4d - -43?
92
In base 2, what is 100 - 101001110?
-101001010
In base 5, what is 4 + -4421?
-4412
In base 16, what is 130 - 5?
12b
In base 6, what is 1 - -2?
3
In base 8, what is -162 + 40?
-122
In base 9, what is -1 - -5?
4
In base 9, what is -2 + -288?
-301
In base 11, what is -22 - -1?
-21
In base 9, what is -13548 + 0?
-13548
In base 4, what is -3 - 1303023?
-1303032
In base 8, what is -12753 + 3?
-12750
In base 7, what is -52115 + -5?
-52123
In base 12, what is -4 + -140?
-144
In base 3, what is 2 - 11221?
-11212
In base 5, what is 2 + -40?
-33
In base 6, what is -1 + 12003?
12002
In base 10, what is -12793 + 5?
-12788
In base 12, what is -2 + -42?
-44
In base 8, what is -37 + 14?
-23
In base 11, what is -7716 + 5?
-7711
In base 13, what is -77 + -120?
-197
In base 14, what is -a5 + -5?
-aa
In base 4, what is 201 - -1?
202
In base 13, what is 6 - 870?
-867
In base 2, what is -1010111 - 11?
-1011010
In base 2, what is -101 + 10000110111?
10000110010
In base 15, what is -19 - -d?
-b
In base 14, what is -4 - -25?
21
In base 7, what is 36 + -1321?
-1252
In base 12, what is -5 - 89?
-92
In base 2, what is 10001111 - -101?
10010100
In base 6, what is 5 + -1?
4
In base 11, what is 6 - 8?
-2
In base 2, what is -1011011111 - -10?
-1011011101
In base 6, what is -20214 - -20?
-20154
In base 15, what is -4cc + 0?
-4cc
In base 11, what is -57a - 13?
-592
In base 4, what is 120 - 23?
31
In base 3, what is -1 + 111?
110
In base 7, what is 20 + 154?
204
In base 3, what is 2022112 + 200?
2100012
In base 6, what is 45 - -124?
213
In base 5, what is -13010 + 3?
-13002
In base 9, what is -318 - 27?
-346
In base 7, what is 241 - 105?
133
In base 6, what is -214 - -4?
-210
In base 8, what is -1 + -132?
-133
In base 8, what is 5 + -22?
-15
In base 4, what is -3 + -200?
-203
In base 14, what is 28c - 5?
287
In base 9, what is -36 + -51?
-87
In base 12, what is 4 - 37?
-33
In base 14, what is 68 - d?
59
In base 5, what is -124 - -44?
-30
In base 13, what is -239a - 1?
-239b
In base 12, what is -72 + -15?
-87
In base 10, what is -28 + 347?
319
In base 6, what is -10511 - -3?
-10504
In base 5, what is -32 + 1040?
1003
In base 14, what is 0 + -54?
-54
In base 3, what is 12 - 1001?
-212
In base 6, what is 25 + -151?
-122
In base 2, what is -100 - -10011010111?
10011010011
In base 5, what is 1200043 + 0?
1200043
In base 3, what is -10 + 1001?
221
In base 6, what is -132353 + 5?
-132344
In base 15, what is -2d + 0?
-2d
In base 3, what is -21220 + 2?
-21211
In base 3, what is 201220 - -11?
202001
In base 6, what is 105 - 3?
102
In base 11, what is -10390 - 0?
-10390
In base 15, what is c - -b?
18
In base 11, what is -10 - 345?
-355
In base 16, what is -230 - -3?
-22d
In base 6, what is -5 - 1234?
-1243
In base 8, what is 1 - 12?
-11
In base 5, what is -133 + -31?
-214
In base 15, what is -3 - -42?
3e
In base 12, what is 29 - -7?
34
In base 2, what i